{"id":2322,"date":"2016-03-08T14:23:18","date_gmt":"2016-03-08T14:23:18","guid":{"rendered":"http:\/\/www.cdencuentro.org\/idus\/?post_type=product&#038;p=2322"},"modified":"2016-03-08T14:23:18","modified_gmt":"2016-03-08T14:23:18","slug":"el-ultimo-cigarrillo","status":"publish","type":"product","link":"https:\/\/www.cdencuentro.org\/idus\/shop\/ceramica\/el-ultimo-cigarrillo\/","title":{"rendered":"El \u00faltimo cigarrillo"},"content":{"rendered":"<p><a href=\"http:\/\/www.cdencuentro.org\/idus\/wp-content\/uploads\/2016\/03\/20160307_125158.jpg\" rel=\"prettyphoto[2322]\" rel=\"attachment wp-att-2323\"><img decoding=\"async\" loading=\"lazy\" class=\"alignnone size-medium wp-image-2323\" src=\"http:\/\/www.cdencuentro.org\/idus\/wp-content\/uploads\/2016\/03\/20160307_125158-300x180.jpg\" alt=\"20160307_125158\" width=\"300\" height=\"180\" srcset=\"https:\/\/www.cdencuentro.org\/idus\/wp-content\/uploads\/2016\/03\/20160307_125158-300x180.jpg 300w, https:\/\/www.cdencuentro.org\/idus\/wp-content\/uploads\/2016\/03\/20160307_125158-500x300.jpg 500w, https:\/\/www.cdencuentro.org\/idus\/wp-content\/uploads\/2016\/03\/20160307_125158-766x460.jpg 766w, https:\/\/www.cdencuentro.org\/idus\/wp-content\/uploads\/2016\/03\/20160307_125158-768x461.jpg 768w, https:\/\/www.cdencuentro.org\/idus\/wp-content\/uploads\/2016\/03\/20160307_125158-1024x614.jpg 1024w, https:\/\/www.cdencuentro.org\/idus\/wp-content\/uploads\/2016\/03\/20160307_125158-150x90.jpg 150w, https:\/\/www.cdencuentro.org\/idus\/wp-content\/uploads\/2016\/03\/20160307_125158-770x462.jpg 770w\" sizes=\"(max-width: 300px) 100vw, 300px\" \/><\/a> <a href=\"http:\/\/www.cdencuentro.org\/idus\/wp-content\/uploads\/2016\/03\/20160307_125608.jpg\" rel=\"prettyphoto[2322]\" rel=\"attachment wp-att-2324\"><img decoding=\"async\" loading=\"lazy\" class=\"alignnone size-medium wp-image-2324\" src=\"http:\/\/www.cdencuentro.org\/idus\/wp-content\/uploads\/2016\/03\/20160307_125608-300x180.jpg\" alt=\"20160307_125608\" width=\"300\" height=\"180\" srcset=\"https:\/\/www.cdencuentro.org\/idus\/wp-content\/uploads\/2016\/03\/20160307_125608-300x180.jpg 300w, https:\/\/www.cdencuentro.org\/idus\/wp-content\/uploads\/2016\/03\/20160307_125608-500x300.jpg 500w, https:\/\/www.cdencuentro.org\/idus\/wp-content\/uploads\/2016\/03\/20160307_125608-766x460.jpg 766w, https:\/\/www.cdencuentro.org\/idus\/wp-content\/uploads\/2016\/03\/20160307_125608-768x461.jpg 768w, https:\/\/www.cdencuentro.org\/idus\/wp-content\/uploads\/2016\/03\/20160307_125608-1024x614.jpg 1024w, https:\/\/www.cdencuentro.org\/idus\/wp-content\/uploads\/2016\/03\/20160307_125608-150x90.jpg 150w, https:\/\/www.cdencuentro.org\/idus\/wp-content\/uploads\/2016\/03\/20160307_125608-770x462.jpg 770w\" sizes=\"(max-width: 300px) 100vw, 300px\" \/><\/a><\/p>\n","protected":false},"excerpt":{"rendered":"<p>Peque\u00f1o ata\u00fad de cer\u00e1mica con acabado en esmalte. Ideal para regalar a aquellos familiares o amigos que quieren dejar de fumar.<\/p>\n","protected":false},"featured_media":2323,"comment_status":"open","ping_status":"closed","template":"","meta":[],"product_cat":[138],"product_tag":[],"_links":{"self":[{"href":"https:\/\/www.cdencuentro.org\/idus\/wp-json\/wp\/v2\/product\/2322"}],"collection":[{"href":"https:\/\/www.cdencuentro.org\/idus\/wp-json\/wp\/v2\/product"}],"about":[{"href":"https:\/\/www.cdencuentro.org\/idus\/wp-json\/wp\/v2\/types\/product"}],"replies":[{"embeddable":true,"href":"https:\/\/www.cdencuentro.org\/idus\/wp-json\/wp\/v2\/comments?post=2322"}],"wp:featuredmedia":[{"embeddable":true,"href":"https:\/\/www.cdencuentro.org\/idus\/wp-json\/wp\/v2\/media\/2323"}],"wp:attachment":[{"href":"https:\/\/www.cdencuentro.org\/idus\/wp-json\/wp\/v2\/media?parent=2322"}],"wp:term":[{"taxonomy":"product_cat","embeddable":true,"href":"https:\/\/www.cdencuentro.org\/idus\/wp-json\/wp\/v2\/product_cat?post=2322"},{"taxonomy":"product_tag","embeddable":true,"href":"https:\/\/www.cdencuentro.org\/idus\/wp-json\/wp\/v2\/product_tag?post=2322"}],"curies":[{"name":"wp","href":"https:\/\/api.w.org\/{rel}","templated":true}]}}