{"id":251,"date":"2013-11-10T20:40:35","date_gmt":"2013-11-10T20:40:35","guid":{"rendered":"http:\/\/elite-themes.com\/lynx\/?post_type=product&#038;p=251"},"modified":"2015-04-15T20:17:18","modified_gmt":"2015-04-15T20:17:18","slug":"ring","status":"publish","type":"product","link":"https:\/\/www.cdencuentro.org\/idus\/shop\/ceramica\/colgante\/ring\/","title":{"rendered":"Colgante cer\u00e1mico"},"content":{"rendered":"<p>Colgantes de cer\u00e1mica pintados a mano y horneados, incluyen cord\u00f3n de cortes\u00eda<\/p>\n","protected":false},"excerpt":{"rendered":"<p>El colgante consiste en una peque\u00f1a pieza de barro, pintada a mano y cocida en horno cer\u00e1mico. Hay variaci\u00f3n de formas y colores<\/p>\n","protected":false},"featured_media":1374,"comment_status":"open","ping_status":"closed","template":"","meta":[],"product_cat":[130],"product_tag":[122],"_links":{"self":[{"href":"https:\/\/www.cdencuentro.org\/idus\/wp-json\/wp\/v2\/product\/251"}],"collection":[{"href":"https:\/\/www.cdencuentro.org\/idus\/wp-json\/wp\/v2\/product"}],"about":[{"href":"https:\/\/www.cdencuentro.org\/idus\/wp-json\/wp\/v2\/types\/product"}],"replies":[{"embeddable":true,"href":"https:\/\/www.cdencuentro.org\/idus\/wp-json\/wp\/v2\/comments?post=251"}],"wp:featuredmedia":[{"embeddable":true,"href":"https:\/\/www.cdencuentro.org\/idus\/wp-json\/wp\/v2\/media\/1374"}],"wp:attachment":[{"href":"https:\/\/www.cdencuentro.org\/idus\/wp-json\/wp\/v2\/media?parent=251"}],"wp:term":[{"taxonomy":"product_cat","embeddable":true,"href":"https:\/\/www.cdencuentro.org\/idus\/wp-json\/wp\/v2\/product_cat?post=251"},{"taxonomy":"product_tag","embeddable":true,"href":"https:\/\/www.cdencuentro.org\/idus\/wp-json\/wp\/v2\/product_tag?post=251"}],"curies":[{"name":"wp","href":"https:\/\/api.w.org\/{rel}","templated":true}]}}